Dec 02 12:06:11.656 INFO testing validator-cli-1.0.3 against master#8940af3cea4a9a9deabcaf843b2f8cad9a83fc61 for beta-1.31-5
Dec 02 12:06:11.656 INFO running `"docker" "create" "-v" "/mnt/big/crater/work/local/target-dirs/beta-1.31-5/worker-2/master#8940af3cea4a9a9deabcaf843b2f8cad9a83fc61:/target:rw,Z" "-v" "/mnt/big/crater/work/local/test-source/worker-2/beta-1.31-5/master#8940af3cea4a9a9deabcaf843b2f8cad9a83fc61:/source:ro,Z" "-v" "/mnt/big/crater/work/local/cargo-home:/cargo-home:ro,Z" "-v" "/mnt/big/crater/work/local/rustup-home:/rustup-home:ro,Z" "-e" "USER_ID=1000" "-e" "SOURCE_DIR=/source" "-e" "USER_ID=1000" "-e" "CMD=cargo +8940af3cea4a9a9deabcaf843b2f8cad9a83fc61-alt build --frozen" "-e" "CARGO_TARGET_DIR=/target" "-e" "CARGO_INCREMENTAL=0" "-e" "RUST_BACKTRACE=full" "-e" "RUSTFLAGS=--cap-lints=warn" "-e" "CARGO_HOME=/cargo-home" "-e" "RUSTUP_HOME=/rustup-home" "-m" "1536M" "--network" "none" "crater"`
Dec 02 12:06:12.208 INFO [stdout] 139420a3f58a7b32195044ee8424cb8db589a0d42535bc30b1cbcee5a15c5144
Dec 02 12:06:12.211 INFO running `"docker" "start" "-a" "139420a3f58a7b32195044ee8424cb8db589a0d42535bc30b1cbcee5a15c5144"`
Dec 02 12:06:14.619 INFO [stderr] usermod: no changes
Dec 02 12:06:14.981 INFO [stderr]    Compiling yansi v0.3.4
Dec 02 12:06:14.981 INFO [stderr]    Compiling tap v0.2.1
Dec 02 12:06:14.989 INFO [stderr]    Compiling commander v0.1.2
Dec 02 12:06:19.555 INFO [stderr]    Compiling validator-cli v1.0.3 (/source)
Dec 02 12:06:33.024 INFO [stderr]     Finished dev [unoptimized + debuginfo] target(s) in 18.37s
Dec 02 12:06:33.038 INFO [stderr] su: No module specific data is present
Dec 02 12:06:34.712 INFO running `"docker" "inspect" "139420a3f58a7b32195044ee8424cb8db589a0d42535bc30b1cbcee5a15c5144"`
Dec 02 12:06:35.104 INFO running `"docker" "rm" "-f" "139420a3f58a7b32195044ee8424cb8db589a0d42535bc30b1cbcee5a15c5144"`
Dec 02 12:06:35.387 INFO [stdout] 139420a3f58a7b32195044ee8424cb8db589a0d42535bc30b1cbcee5a15c5144
Dec 02 12:06:35.389 INFO running `"docker" "create" "-v" "/mnt/big/crater/work/local/target-dirs/beta-1.31-5/worker-2/master#8940af3cea4a9a9deabcaf843b2f8cad9a83fc61:/target:rw,Z" "-v" "/mnt/big/crater/work/local/test-source/worker-2/beta-1.31-5/master#8940af3cea4a9a9deabcaf843b2f8cad9a83fc61:/source:ro,Z" "-v" "/mnt/big/crater/work/local/cargo-home:/cargo-home:ro,Z" "-v" "/mnt/big/crater/work/local/rustup-home:/rustup-home:ro,Z" "-e" "USER_ID=1000" "-e" "SOURCE_DIR=/source" "-e" "USER_ID=1000" "-e" "CMD=cargo +8940af3cea4a9a9deabcaf843b2f8cad9a83fc61-alt test --frozen --no-run" "-e" "CARGO_TARGET_DIR=/target" "-e" "CARGO_INCREMENTAL=0" "-e" "RUST_BACKTRACE=full" "-e" "RUSTFLAGS=--cap-lints=warn" "-e" "CARGO_HOME=/cargo-home" "-e" "RUSTUP_HOME=/rustup-home" "-m" "1536M" "--network" "none" "crater"`
Dec 02 12:06:35.990 INFO [stdout] 17c6a648a3d6f87bd720b714087508039029bd93eca9ccb4b6a2e862bb962dc2
Dec 02 12:06:35.992 INFO running `"docker" "start" "-a" "17c6a648a3d6f87bd720b714087508039029bd93eca9ccb4b6a2e862bb962dc2"`
Dec 02 12:06:37.706 INFO [stderr] usermod: no changes
Dec 02 12:06:37.985 INFO [stderr]    Compiling validator-cli v1.0.3 (/source)
Dec 02 12:06:49.332 INFO [stderr]     Finished dev [unoptimized + debuginfo] target(s) in 11.60s
Dec 02 12:06:49.345 INFO [stderr] su: No module specific data is present
Dec 02 12:06:50.703 INFO running `"docker" "inspect" "17c6a648a3d6f87bd720b714087508039029bd93eca9ccb4b6a2e862bb962dc2"`
Dec 02 12:06:51.001 INFO running `"docker" "rm" "-f" "17c6a648a3d6f87bd720b714087508039029bd93eca9ccb4b6a2e862bb962dc2"`
Dec 02 12:06:51.206 INFO [stdout] 17c6a648a3d6f87bd720b714087508039029bd93eca9ccb4b6a2e862bb962dc2
Dec 02 12:06:51.213 INFO running `"docker" "create" "-v" "/mnt/big/crater/work/local/target-dirs/beta-1.31-5/worker-2/master#8940af3cea4a9a9deabcaf843b2f8cad9a83fc61:/target:rw,Z" "-v" "/mnt/big/crater/work/local/test-source/worker-2/beta-1.31-5/master#8940af3cea4a9a9deabcaf843b2f8cad9a83fc61:/source:ro,Z" "-v" "/mnt/big/crater/work/local/cargo-home:/cargo-home:ro,Z" "-v" "/mnt/big/crater/work/local/rustup-home:/rustup-home:ro,Z" "-e" "USER_ID=1000" "-e" "SOURCE_DIR=/source" "-e" "USER_ID=1000" "-e" "CMD=cargo +8940af3cea4a9a9deabcaf843b2f8cad9a83fc61-alt test --frozen" "-e" "CARGO_TARGET_DIR=/target" "-e" "CARGO_INCREMENTAL=0" "-e" "RUST_BACKTRACE=full" "-e" "RUSTFLAGS=--cap-lints=warn" "-e" "CARGO_HOME=/cargo-home" "-e" "RUSTUP_HOME=/rustup-home" "-m" "1536M" "--network" "none" "crater"`
Dec 02 12:06:51.700 INFO [stdout] 81753d921b95e236f3404f980301e1ccd12f23f87e100237146cc62fe6350b64
Dec 02 12:06:51.702 INFO running `"docker" "start" "-a" "81753d921b95e236f3404f980301e1ccd12f23f87e100237146cc62fe6350b64"`
Dec 02 12:06:53.071 INFO [stderr] usermod: no changes
Dec 02 12:06:53.343 INFO [stderr]     Finished dev [unoptimized + debuginfo] target(s) in 0.24s
Dec 02 12:06:53.355 INFO [stderr]      Running /target/debug/deps/validator_cli-897dbe08557278ba
Dec 02 12:06:53.371 INFO [stdout] 
Dec 02 12:06:53.371 INFO [stdout] running 3 tests
Dec 02 12:06:53.614 INFO [stdout] test schemas::schemas_get_should_yield_more_than_one_schema ... FAILED
Dec 02 12:06:53.619 INFO [stdout] test validator::can_validate_sample ... FAILED
Dec 02 12:06:53.619 INFO [stdout] test run_validator_test ... FAILED
Dec 02 12:06:53.619 INFO [stdout] 
Dec 02 12:06:53.619 INFO [stdout] failures:
Dec 02 12:06:53.619 INFO [stdout] 
Dec 02 12:06:53.619 INFO [stdout] ---- schemas::schemas_get_should_yield_more_than_one_schema stdout ----
Dec 02 12:06:53.619 INFO [stdout] thread 'schemas::schemas_get_should_yield_more_than_one_schema' panicked at 'Could not download schema: Error { kind: Io(Custom { kind: Other, error: StringError("failed to lookup address information: Temporary failure in name resolution") }), url: Some("https://validator-server.cleverapps.io/schemas") }', libcore/result.rs:1009:5
Dec 02 12:06:53.619 INFO [stdout] stack backtrace:
Dec 02 12:06:53.619 INFO [stdout]    0:     0x55e1be39fe2f - std::sys::unix::backtrace::tracing::imp::unwind_backtrace::h3a8b83e1922cbdde
Dec 02 12:06:53.619 INFO [stdout]                                at libstd/sys/unix/backtrace/tracing/gcc_s.rs:49
Dec 02 12:06:53.619 INFO [stdout]    1:     0x55e1be3a96d7 - std::sys_common::backtrace::print::h00d3155a29b4020f
Dec 02 12:06:53.619 INFO [stdout]                                at libstd/sys_common/backtrace.rs:71
Dec 02 12:06:53.620 INFO [stdout]                                at libstd/sys_common/backtrace.rs:59
Dec 02 12:06:53.620 INFO [stdout]    2:     0x55e1be3a41af - std::panicking::default_hook::{{closure}}::hd7465c742e79e1bb
Dec 02 12:06:53.620 INFO [stdout]                                at libstd/panicking.rs:211
Dec 02 12:06:53.620 INFO [stdout]    3:     0x55e1be3a3eae - std::panicking::default_hook::h9e3966f2aa2a6e12
Dec 02 12:06:53.620 INFO [stdout]                                at libstd/panicking.rs:221
Dec 02 12:06:53.620 INFO [stdout]    4:     0x55e1be3a488e - std::panicking::rust_panic_with_hook::h587f091ae747d080
Dec 02 12:06:53.620 INFO [stdout]                                at libstd/panicking.rs:476
Dec 02 12:06:53.620 INFO [stdout]    5:     0x55e1be3a4431 - std::panicking::continue_panic_fmt::hb3a4fdede87f43a8
Dec 02 12:06:53.620 INFO [stdout]                                at libstd/panicking.rs:390
Dec 02 12:06:53.620 INFO [stdout]    6:     0x55e1be3a4315 - rust_begin_unwind
Dec 02 12:06:53.620 INFO [stdout]                                at libstd/panicking.rs:325
Dec 02 12:06:53.620 INFO [stdout]    7:     0x55e1be3e878c - core::panicking::panic_fmt::h6f9cebf5e7474a0b
Dec 02 12:06:53.620 INFO [stdout]                                at libcore/panicking.rs:77
Dec 02 12:06:53.620 INFO [stdout]    8:     0x55e1bdf0c5cb - core::result::unwrap_failed::h045b43d77ee794e2
Dec 02 12:06:53.620 INFO [stdout]                                at libcore/macros.rs:26
Dec 02 12:06:53.620 INFO [stdout]    9:     0x55e1bdf0a817 - <core::result::Result<T, E>>::expect::h265d5a746404673d
Dec 02 12:06:53.620 INFO [stdout]                                at libcore/result.rs:835
Dec 02 12:06:53.620 INFO [stdout]   10:     0x55e1bdef9bdf - validator_cli::schemas::schemas_get_should_yield_more_than_one_schema::h12908ef905c0ec54
Dec 02 12:06:53.620 INFO [stdout]                                at src/schemas.rs:79
Dec 02 12:06:53.620 INFO [stdout]   11:     0x55e1bdef9b89 - validator_cli::schemas::schemas_get_should_yield_more_than_one_schema::{{closure}}::he302f380ec97c127
Dec 02 12:06:53.620 INFO [stdout]                                at src/schemas.rs:78
Dec 02 12:06:53.620 INFO [stdout]   12:     0x55e1bdeff6bd - core::ops::function::FnOnce::call_once::he0a7c64642a4000f
Dec 02 12:06:53.620 INFO [stdout]                                at libcore/ops/function.rs:238
Dec 02 12:06:53.620 INFO [stdout]   13:     0x55e1bdf1a35e - <F as alloc::boxed::FnBox<A>>::call_box::hac903f91577a156c
Dec 02 12:06:53.620 INFO [stdout]                                at libtest/lib.rs:1468
Dec 02 12:06:53.620 INFO [stdout]                                at libcore/ops/function.rs:238
Dec 02 12:06:53.620 INFO [stdout]                                at liballoc/boxed.rs:672
Dec 02 12:06:53.620 INFO [stdout]   14:     0x55e1be3b4689 - __rust_maybe_catch_panic
Dec 02 12:06:53.620 INFO [stdout]                                at libpanic_unwind/lib.rs:102
Dec 02 12:06:53.620 INFO [stdout]   15:     0x55e1bdf3bfb2 - std::sys_common::backtrace::__rust_begin_short_backtrace::hb8f0d0309526c184
Dec 02 12:06:53.620 INFO [stdout]                                at libstd/panicking.rs:289
Dec 02 12:06:53.620 INFO [stdout]                                at libstd/panic.rs:392
Dec 02 12:06:53.620 INFO [stdout]                                at libtest/lib.rs:1423
Dec 02 12:06:53.620 INFO [stdout]                                at libstd/sys_common/backtrace.rs:136
Dec 02 12:06:53.620 INFO [stdout]   16:     0x55e1bdf3ca64 - std::panicking::try::do_call::hc2f7c8b9a348d8db
Dec 02 12:06:53.620 INFO [stdout]                                at libstd/thread/mod.rs:409
Dec 02 12:06:53.620 INFO [stdout]                                at libstd/panic.rs:313
Dec 02 12:06:53.620 INFO [stdout]                                at libstd/panicking.rs:310
Dec 02 12:06:53.620 INFO [stdout]   17:     0x55e1be3b4689 - __rust_maybe_catch_panic
Dec 02 12:06:53.620 INFO [stdout]                                at libpanic_unwind/lib.rs:102
Dec 02 12:06:53.620 INFO [stdout]   18:     0x55e1bdf29c9c - <F as alloc::boxed::FnBox<A>>::call_box::h6bfded618e480b32
Dec 02 12:06:53.620 INFO [stdout]                                at libstd/panicking.rs:289
Dec 02 12:06:53.620 INFO [stdout]                                at libstd/panic.rs:392
Dec 02 12:06:53.620 INFO [stdout]                                at libstd/thread/mod.rs:408
Dec 02 12:06:53.620 INFO [stdout]                                at liballoc/boxed.rs:672
Dec 02 12:06:53.620 INFO [stdout]   19:     0x55e1be3a1e9d - std::sys_common::thread::start_thread::h4c28257d67cdf9cb
Dec 02 12:06:53.620 INFO [stdout]                                at liballoc/boxed.rs:682
Dec 02 12:06:53.620 INFO [stdout]                                at libstd/sys_common/thread.rs:24
Dec 02 12:06:53.620 INFO [stdout]   20:     0x55e1be394325 - std::sys::unix::thread::Thread::new::thread_start::hfecb2e7eff8fd34f
Dec 02 12:06:53.620 INFO [stdout]                                at libstd/sys/unix/thread.rs:90
Dec 02 12:06:53.620 INFO [stdout]   21:     0x7f22ce4996b9 - start_thread
Dec 02 12:06:53.620 INFO [stdout]   22:     0x7f22cdfb941c - clone
Dec 02 12:06:53.620 INFO [stdout]   23:                0x0 - <unknown>
Dec 02 12:06:53.620 INFO [stdout] 
Dec 02 12:06:53.620 INFO [stdout] ---- validator::can_validate_sample stdout ----
Dec 02 12:06:53.620 INFO [stdout] thread 'validator::can_validate_sample' panicked at 'called `Result::unwrap()` on an `Err` value: Custom { kind: Other, error: Error { kind: Io(Custom { kind: Other, error: StringError("failed to lookup address information: Temporary failure in name resolution") }), url: Some("https://blockprovider-example.cleverapps.io/configurations") } }', libcore/result.rs:1009:5
Dec 02 12:06:53.620 INFO [stdout] stack backtrace:
Dec 02 12:06:53.620 INFO [stdout]    0:     0x55e1be39fe2f - std::sys::unix::backtrace::tracing::imp::unwind_backtrace::h3a8b83e1922cbdde
Dec 02 12:06:53.620 INFO [stdout]                                at libstd/sys/unix/backtrace/tracing/gcc_s.rs:49
Dec 02 12:06:53.620 INFO [stdout]    1:     0x55e1be3a96d7 - std::sys_common::backtrace::print::h00d3155a29b4020f
Dec 02 12:06:53.620 INFO [stdout]                                at libstd/sys_common/backtrace.rs:71
Dec 02 12:06:53.620 INFO [stdout]                                at libstd/sys_common/backtrace.rs:59
Dec 02 12:06:53.620 INFO [stdout]    2:     0x55e1be3a41af - std::panicking::default_hook::{{closure}}::hd7465c742e79e1bb
Dec 02 12:06:53.620 INFO [stdout]                                at libstd/panicking.rs:211
Dec 02 12:06:53.620 INFO [stdout]    3:     0x55e1be3a3eae - std::panicking::default_hook::h9e3966f2aa2a6e12
Dec 02 12:06:53.620 INFO [stdout]                                at libstd/panicking.rs:221
Dec 02 12:06:53.620 INFO [stdout]    4:     0x55e1be3a488e - std::panicking::rust_panic_with_hook::h587f091ae747d080
Dec 02 12:06:53.620 INFO [stdout]                                at libstd/panicking.rs:476
Dec 02 12:06:53.620 INFO [stdout]    5:     0x55e1be3a4431 - std::panicking::continue_panic_fmt::hb3a4fdede87f43a8
Dec 02 12:06:53.620 INFO [stdout]                                at libstd/panicking.rs:390
Dec 02 12:06:53.620 INFO [stdout]    6:     0x55e1be3a4315 - rust_begin_unwind
Dec 02 12:06:53.620 INFO [stdout]                                at libstd/panicking.rs:325
Dec 02 12:06:53.620 INFO [stdout]    7:     0x55e1be3e878c - core::panicking::panic_fmt::h6f9cebf5e7474a0b
Dec 02 12:06:53.620 INFO [stdout]                                at libcore/panicking.rs:77
Dec 02 12:06:53.620 INFO [stdout]    8:     0x55e1be32be90 - core::result::unwrap_failed::ha5a6ee201a239f82
Dec 02 12:06:53.620 INFO [stdout]                                at libcore/macros.rs:26
Dec 02 12:06:53.620 INFO [stdout]    9:     0x55e1bdf0aa8e - <core::result::Result<T, E>>::unwrap::h444159ce61037631
Dec 02 12:06:53.620 INFO [stdout]                                at libcore/result.rs:808
Dec 02 12:06:53.620 INFO [stdout]   10:     0x55e1bdef6086 - validator_cli::validator::can_validate_sample::h913cda33a88b8810
Dec 02 12:06:53.620 INFO [stdout]                                at src/validator.rs:99
Dec 02 12:06:53.620 INFO [stdout]   11:     0x55e1bdef5fc9 - validator_cli::validator::can_validate_sample::{{closure}}::h3e968395d8f14215
Dec 02 12:06:53.620 INFO [stdout]                                at src/validator.rs:96
Dec 02 12:06:53.620 INFO [stdout]   12:     0x55e1bdeff40d - core::ops::function::FnOnce::call_once::h2b284b694bbd9486
Dec 02 12:06:53.620 INFO [stdout]                                at libcore/ops/function.rs:238
Dec 02 12:06:53.621 INFO [stdout]   13:     0x55e1bdf1a35e - <F as alloc::boxed::FnBox<A>>::call_box::hac903f91577a156c
Dec 02 12:06:53.621 INFO [stdout]                                at libtest/lib.rs:1468
Dec 02 12:06:53.621 INFO [stdout]                                at libcore/ops/function.rs:238
Dec 02 12:06:53.621 INFO [stdout]                                at liballoc/boxed.rs:672
Dec 02 12:06:53.621 INFO [stdout]   14:     0x55e1be3b4689 - __rust_maybe_catch_panic
Dec 02 12:06:53.621 INFO [stdout]                                at libpanic_unwind/lib.rs:102
Dec 02 12:06:53.621 INFO [stdout]   15:     0x55e1bdf3bfb2 - std::sys_common::backtrace::__rust_begin_short_backtrace::hb8f0d0309526c184
Dec 02 12:06:53.621 INFO [stdout]                                at libstd/panicking.rs:289
Dec 02 12:06:53.621 INFO [stdout]                                at libstd/panic.rs:392
Dec 02 12:06:53.621 INFO [stdout]                                at libtest/lib.rs:1423
Dec 02 12:06:53.621 INFO [stdout]                                at libstd/sys_common/backtrace.rs:136
Dec 02 12:06:53.621 INFO [stdout]   16:     0x55e1bdf3ca64 - std::panicking::try::do_call::hc2f7c8b9a348d8db
Dec 02 12:06:53.621 INFO [stdout]                                at libstd/thread/mod.rs:409
Dec 02 12:06:53.621 INFO [stdout]                                at libstd/panic.rs:313
Dec 02 12:06:53.621 INFO [stdout]                                at libstd/panicking.rs:310
Dec 02 12:06:53.621 INFO [stdout]   17:     0x55e1be3b4689 - __rust_maybe_catch_panic
Dec 02 12:06:53.621 INFO [stdout]                                at libpanic_unwind/lib.rs:102
Dec 02 12:06:53.621 INFO [stdout]   18:     0x55e1bdf29c9c - <F as alloc::boxed::FnBox<A>>::call_box::h6bfded618e480b32
Dec 02 12:06:53.621 INFO [stdout]                                at libstd/panicking.rs:289
Dec 02 12:06:53.621 INFO [stdout]                                at libstd/panic.rs:392
Dec 02 12:06:53.621 INFO [stdout]                                at libstd/thread/mod.rs:408
Dec 02 12:06:53.621 INFO [stdout]                                at liballoc/boxed.rs:672
Dec 02 12:06:53.621 INFO [stdout]   19:     0x55e1be3a1e9d - std::sys_common::thread::start_thread::h4c28257d67cdf9cb
Dec 02 12:06:53.621 INFO [stdout]                                at liballoc/boxed.rs:682
Dec 02 12:06:53.621 INFO [stdout]                                at libstd/sys_common/thread.rs:24
Dec 02 12:06:53.621 INFO [stdout]   20:     0x55e1be394325 - std::sys::unix::thread::Thread::new::thread_start::hfecb2e7eff8fd34f
Dec 02 12:06:53.621 INFO [stdout]                                at libstd/sys/unix/thread.rs:90
Dec 02 12:06:53.621 INFO [stdout]   21:     0x7f22ce4996b9 - start_thread
Dec 02 12:06:53.621 INFO [stdout]   22:     0x7f22cdfb941c - clone
Dec 02 12:06:53.621 INFO [stdout]   23:                0x0 - <unknown>
Dec 02 12:06:53.621 INFO [stdout] 
Dec 02 12:06:53.621 INFO [stdout] ---- run_validator_test stdout ----
Dec 02 12:06:53.621 INFO [stdout] thread 'run_validator_test' panicked at 'Could not download Schemas: Error { kind: Io(Custom { kind: Other, error: StringError("failed to lookup address information: Temporary failure in name resolution") }), url: Some("https://validator-server.cleverapps.io/schemas") }', libcore/result.rs:1009:5
Dec 02 12:06:53.621 INFO [stdout] stack backtrace:
Dec 02 12:06:53.621 INFO [stdout]    0:     0x55e1be39fe2f - std::sys::unix::backtrace::tracing::imp::unwind_backtrace::h3a8b83e1922cbdde
Dec 02 12:06:53.621 INFO [stdout]                                at libstd/sys/unix/backtrace/tracing/gcc_s.rs:49
Dec 02 12:06:53.621 INFO [stdout]    1:     0x55e1be3a96d7 - std::sys_common::backtrace::print::h00d3155a29b4020f
Dec 02 12:06:53.621 INFO [stdout]                                at libstd/sys_common/backtrace.rs:71
Dec 02 12:06:53.621 INFO [stdout]                                at libstd/sys_common/backtrace.rs:59
Dec 02 12:06:53.621 INFO [stdout]    2:     0x55e1be3a41af - std::panicking::default_hook::{{closure}}::hd7465c742e79e1bb
Dec 02 12:06:53.621 INFO [stdout]                                at libstd/panicking.rs:211
Dec 02 12:06:53.621 INFO [stdout]    3:     0x55e1be3a3eae - std::panicking::default_hook::h9e3966f2aa2a6e12
Dec 02 12:06:53.621 INFO [stdout]                                at libstd/panicking.rs:221
Dec 02 12:06:53.621 INFO [stdout]    4:     0x55e1be3a488e - std::panicking::rust_panic_with_hook::h587f091ae747d080
Dec 02 12:06:53.621 INFO [stdout]                                at libstd/panicking.rs:476
Dec 02 12:06:53.621 INFO [stdout]    5:     0x55e1be3a4431 - std::panicking::continue_panic_fmt::hb3a4fdede87f43a8
Dec 02 12:06:53.621 INFO [stdout]                                at libstd/panicking.rs:390
Dec 02 12:06:53.621 INFO [stdout]    6:     0x55e1be3a4315 - rust_begin_unwind
Dec 02 12:06:53.621 INFO [stdout]                                at libstd/panicking.rs:325
Dec 02 12:06:53.621 INFO [stdout]    7:     0x55e1be3e878c - core::panicking::panic_fmt::h6f9cebf5e7474a0b
Dec 02 12:06:53.621 INFO [stdout]                                at libcore/panicking.rs:77
Dec 02 12:06:53.621 INFO [stdout]    8:     0x55e1bdf0c5cb - core::result::unwrap_failed::h045b43d77ee794e2
Dec 02 12:06:53.621 INFO [stdout]                                at libcore/macros.rs:26
Dec 02 12:06:53.621 INFO [stdout]    9:     0x55e1bdf0a817 - <core::result::Result<T, E>>::expect::h265d5a746404673d
Dec 02 12:06:53.621 INFO [stdout]                                at libcore/result.rs:835
Dec 02 12:06:53.621 INFO [stdout]   10:     0x55e1bdf0ee75 - validator_cli::run_validator_test::hcc3cdfeca1e6ed44
Dec 02 12:06:53.621 INFO [stdout]                                at src/main.rs:118
Dec 02 12:06:53.621 INFO [stdout]   11:     0x55e1bdf0ee19 - validator_cli::run_validator_test::{{closure}}::hffc88a318644463d
Dec 02 12:06:53.621 INFO [stdout]                                at src/main.rs:117
Dec 02 12:06:53.621 INFO [stdout]   12:     0x55e1bdeff5cd - core::ops::function::FnOnce::call_once::h8804296bf51b67cc
Dec 02 12:06:53.621 INFO [stdout]                                at libcore/ops/function.rs:238
Dec 02 12:06:53.621 INFO [stdout]   13:     0x55e1bdf1a35e - <F as alloc::boxed::FnBox<A>>::call_box::hac903f91577a156c
Dec 02 12:06:53.621 INFO [stdout]                                at libtest/lib.rs:1468
Dec 02 12:06:53.621 INFO [stdout]                                at libcore/ops/function.rs:238
Dec 02 12:06:53.621 INFO [stdout]                                at liballoc/boxed.rs:672
Dec 02 12:06:53.621 INFO [stdout]   14:     0x55e1be3b4689 - __rust_maybe_catch_panic
Dec 02 12:06:53.621 INFO [stdout]                                at libpanic_unwind/lib.rs:102
Dec 02 12:06:53.621 INFO [stdout]   15:     0x55e1bdf3bfb2 - std::sys_common::backtrace::__rust_begin_short_backtrace::hb8f0d0309526c184
Dec 02 12:06:53.621 INFO [stdout]                                at libstd/panicking.rs:289
Dec 02 12:06:53.621 INFO [stdout]                                at libstd/panic.rs:392
Dec 02 12:06:53.621 INFO [stdout]                                at libtest/lib.rs:1423
Dec 02 12:06:53.621 INFO [stdout]                                at libstd/sys_common/backtrace.rs:136
Dec 02 12:06:53.621 INFO [stdout]   16:     0x55e1bdf3ca64 - std::panicking::try::do_call::hc2f7c8b9a348d8db
Dec 02 12:06:53.621 INFO [stdout]                                at libstd/thread/mod.rs:409
Dec 02 12:06:53.621 INFO [stdout]                                at libstd/panic.rs:313
Dec 02 12:06:53.621 INFO [stdout]                                at libstd/panicking.rs:310
Dec 02 12:06:53.621 INFO [stdout]   17:     0x55e1be3b4689 - __rust_maybe_catch_panic
Dec 02 12:06:53.621 INFO [stdout]                                at libpanic_unwind/lib.rs:102
Dec 02 12:06:53.621 INFO [stdout]   18:     0x55e1bdf29c9c - <F as alloc::boxed::FnBox<A>>::call_box::h6bfded618e480b32
Dec 02 12:06:53.621 INFO [stdout]                                at libstd/panicking.rs:289
Dec 02 12:06:53.621 INFO [stdout]                                at libstd/panic.rs:392
Dec 02 12:06:53.621 INFO [stdout]                                at libstd/thread/mod.rs:408
Dec 02 12:06:53.621 INFO [stdout]                                at liballoc/boxed.rs:672
Dec 02 12:06:53.621 INFO [stdout]   19:     0x55e1be3a1e9d - std::sys_common::thread::start_thread::h4c28257d67cdf9cb
Dec 02 12:06:53.621 INFO [stdout]                                at liballoc/boxed.rs:682
Dec 02 12:06:53.622 INFO [stdout]                                at libstd/sys_common/thread.rs:24
Dec 02 12:06:53.622 INFO [stdout]   20:     0x55e1be394325 - std::sys::unix::thread::Thread::new::thread_start::hfecb2e7eff8fd34f
Dec 02 12:06:53.622 INFO [stdout]                                at libstd/sys/unix/thread.rs:90
Dec 02 12:06:53.622 INFO [stdout]   21:     0x7f22ce4996b9 - start_thread
Dec 02 12:06:53.622 INFO [stdout]   22:     0x7f22cdfb941c - clone
Dec 02 12:06:53.622 INFO [stdout]   23:                0x0 - <unknown>
Dec 02 12:06:53.622 INFO [stdout] 
Dec 02 12:06:53.622 INFO [stdout] 
Dec 02 12:06:53.622 INFO [stdout] failures:
Dec 02 12:06:53.622 INFO [stdout]     run_validator_test
Dec 02 12:06:53.622 INFO [stdout]     schemas::schemas_get_should_yield_more_than_one_schema
Dec 02 12:06:53.622 INFO [stdout]     validator::can_validate_sample
Dec 02 12:06:53.622 INFO [stdout] 
Dec 02 12:06:53.622 INFO [stdout] test result: FAILED. 0 passed; 3 failed; 0 ignored; 0 measured; 0 filtered out
Dec 02 12:06:53.622 INFO [stdout] 
Dec 02 12:06:53.623 INFO [stderr] error: test failed, to rerun pass '--bin validator-cli'
Dec 02 12:06:53.627 INFO [stderr] su: No module specific data is present
Dec 02 12:06:54.671 INFO running `"docker" "inspect" "81753d921b95e236f3404f980301e1ccd12f23f87e100237146cc62fe6350b64"`
Dec 02 12:06:54.983 INFO running `"docker" "rm" "-f" "81753d921b95e236f3404f980301e1ccd12f23f87e100237146cc62fe6350b64"`
Dec 02 12:06:55.311 INFO [stdout] 81753d921b95e236f3404f980301e1ccd12f23f87e100237146cc62fe6350b64
